 by -3*(l/6 - 1).
1
Let o = 2 - -34. Suppose 2*n = 2*b - 0*n - o, -5*n = -2*b + 48. What is the remainder when b is divided by 3 - 2 - (-14)/2?
6
Suppose 0 = u + a - 105, -u + 4*a + 60 + 25 = 0. Calculate the remainder when u is divided by 8.
5
Suppose -4*c = -4*a + 196, -3*c - 197 = 3*a - 7*a. Suppose 0 = -5*y + 87 - 2. Calculate the remainder when a is divided by y.
16
Let u = 5 - 8. Let r = 17 + u. What is the remainder when 40 is divided by r?
12
Let y(g) = 2*g**3 - 16. Let m(b) = -b**3 + 17. Let i(w) = 3*m(w) + 2*y(w). What is the remainder when i(0) is divided by (-2)/6 + 62/6?
9
Suppose -2*c = -w - 179, -2*c - 3*c = 2*w - 443. What is the remainder when c is divided by 18?
17
Suppose -4*g - 3*t - 6 = -39, -g - t = -7. Calculate the remainder when 22 is divided by g.
10
Let i = -5 - -8. Suppose -i*v + 0 + 27 = 3*a, 2*v - 5*a = 53. What is the remainder when 40 is divided by v?
12
Let h(m) be the second derivative of m**5/20 + m**4/6 - 2*m**3/3 + 2*m**2 + 9*m. Calculate the remainder when h(3) is divided by 13.
11
Calculate the remainder when 26 is divided by (14/(-2))/((-3)/6).
12
Let d(y) = y**2 + y - 3. Suppose 24 = -4*s - 12. Let h(r) = -4*r**2 - 3*r + 12. Let k(f) = s*d(f) - 2*h(f). Calculate the remainder when 11 is divided by k(-3).
2
Suppose -9*s - 32 + 140 = 0. Calculate the remainder when 178 is divided by s.
10
Let j be -5 - (-3 - -1) - -8. Suppose 4*w - 33 = -2*d + 17, 0 = -j*d + 25. Let z = w + -8. Calculate the remainder when 2 is divided by z.
0
Let r(w) = -w**2 + 5*w - 6. Let j be r(4). What is the remainder when 18 is divided by (-12 - -7)/(1/j)?
8
Suppose 3*z = -3*d - 0*z - 6, -4*z - 20 = 0. Suppose 0 = u - 14 + d. Calculate the remainder when 39 is divided by u.
6
Let a be (-1 - -2)/(2/6). Calculate the remainder when 72 is divided by 1 + (-2 - (-23 - a)).
22
Let k(w) = -2*w - 2. What is the remainder when k(-4) is divided by 34/14 - 6/14?
0
Calculate the remainder when 20 is divided by (-4)/((0/(-4) - -2)/(-4)).
4
Let q be 0/(3 + -3 + 1). Let g(y) = -y + 18. What is the remainder when 51 is divided by g(q)?
15
Suppose 15*o - 154 = 4*o. What is the remainder when 96 is divided by o?
12
Let w(v) = -v**2 + 7. Suppose 0 = 4*g - 3*g. What is the remainder when 11 is divided by w(g)?
4
Suppose -5*g + 10*g = -c + 5, 15 = 3*c - 3*g. Suppose c*j + 5*y = 26 - 6, 0 = -j + 5*y - 8. Calculate the remainder when 2 is divided by j.
0
What is the remainder when ((-10)/15)/(-1) + 193/3 is divided by 17?
14
Let v(d) = -d**2 + 13*d + 25. What is the remainder when v(14) is divided by 6?
5
Suppose -6 = 4*h + 6. Let p = h + 7. Suppose -c + p*c - a - 21 = 0, -4*a + 28 = 2*c. What is the remainder when 14 is divided by c?
6
Calculate the remainder when 56 is divided by (-30)/(2/4 - 12/8).
26
What is the remainder when -2 + ((-5)/20 - 109/(-4)) is divided by 14?
11
Let k(b) = -b**3 - 7*b**2 - 8*b - 8. What is the remainder when 5 is divided by k(-6)?
1
Let w(i) = -2*i + 3*i + 2*i**2 + 7 + 2 - 3*i**2. What is the remainder when w(0) is divided by 5?
4
Let h(g) = g**2 + 3*g + 12. Calculate the remainder when 47 is divided by h(-4).
15
Suppose 167 = 2*d - 49. What is the remainder when d is divided by 55?
53
Let b(g) = 2*g**2 - 2*g - 4. Calculate the remainder when 13 is divided by b(3).
5
Suppose 5 = p - 4. Suppose 2*a = -5*l + 53, 2*l - 17 = -2*a + 33. Calculate the remainder when a is divided by p.
6
Let h(o) = 1 + 0 + 15 - o**2 + 0. What is the remainder when 46 is divided by h(0)?
14
Let t(x) = -x**3 + 6*x**2 + 12*x - 1. Let r(o) = -o. Let p(d) = -6*r(d) - t(d). Calculate the remainder when (-1)/(-1)*15/1 is divided by p(7).
7
Suppose 2*k + 3*w + 27 = 3*k, -5*k + 2*w = -122. What is the remainder when 92 is divided by k?
20
Let z(j) = 2*j**2 - 3*j - 8. Let f be z(-6). Let p = f + -59. What is the remainder when p is divided by 8?
7
Let p(y) = -y**3 + 8*y**2 + 11. What is the remainder when p(8) is divided by (-2 + 1)*(-3 - 3)?
5
Suppose 0 = -3*j + 2*b - b + 8, -2 = j + 2*b. Calculate the remainder when 69*(-3)/(-1*9) is divided by j/(-2)*78/(-6).
10
What is the remainder when (-9)/54 + (-505)/(-6) is divided by 22?
18
Let q(m) = m**2 - 8*m - 9. Calculate the remainder when 186*(-2 + 15/6) is divided by q(11).
21
Suppose t - 2*x + 7 = 0, -15 = -x - 2*x. Suppose -t*h - v = -17, v - 23 = -4*h - 0*v. What is the remainder when 15 is divided by h?
3
Suppose -3*d + 31 = -d + 3*u, -2*d - 5*u = -25. Calculate the remainder when 57 is divided by d.
17
Let l(r) = 9*r. Let o be l(-2). Let k = o - -26. Calculate the remainder when k is divided by 5.
3
Suppose 0 = 4*c - c. Suppose 6*g + 1 = -x + g, -x - 4*g = c. What is the remainder when 15 is divided by x?
3
Let t(j) = -4*j. Let u be t(-2). Let o be -3 - 0 - -3 - -3. Suppose o = -k + u. What is the remainder when 13 is divided by k?
3
Suppose 30 - 130 = -4*f. Suppose 4*k - f = -k. Suppose 0 = -4*i - 4*z + 80, z = -k*i + 2*i + 52. Calculate the remainder when 31 is divided by i.
15
Suppose 0 = 3*o + 22 - 64. Let p be 1306/o - 2/7. Suppose 5*w - 3*a - 136 = 0, -w = 2*w + 2*a - p. What is the remainder when w is divided by 15?
14
Let d(n) = 2*n**2 + 3. Calculate the remainder when d(4) is divided by 18.
17
Let a = 0 + 0. Suppose 4*m - 108 = 4*u, a = -m + 3*u - 8*u + 27. What is the remainder when m is divided by 11?
5
Let o(p) = -3*p + 28. What is the remainder when 40 is divided by o(7)?
5
Let l(r) = -r**3 - 6*r**2 + 2*r + 19. What is the remainder when 38 is divided by l(-6)?
3
Suppose 2*q = -q + 12. Suppose -11 = q*s - 63. Let b = s - 5. What is the remainder when b is divided by 3?
2
What is the remainder when 43 is divided by 510/22 - (-10)/(-55)?
20
Let h be (-4689)/21 - (-2)/7. Suppose -75 - 37 = -7*m. Calculate the remainder when h/(-5) + 6/15 is divided by m.
13
What is the remainder when 221 is divided by (1*3)/(1 - (-58)/(-64))?
29
Let v(p) be the second derivative of -p**3/6 + 7*p**2/2 - 4*p. Calculate the remainder when 26 is divided by v(-7).
12
Suppose -84 = -3*p - 6. Let q = 20 + -9. What is the remainder when p is divided by 2 - ((-1 - q) + 0)?
12
Let a(f) = 28*f - 7. Let r be a(6). Suppose -20 = -3*o + 1. Suppose -5*s = -4*d - r, o*d - 100 = -4*s + 3*d. What is the remainder when s is divided by 10?
9
Suppose -5*z - 3*c = -65, 5*c = 6*c. Calculate the remainder when z is divided by 5.
3
Let n = 10 - 3. Let l = n - -6. Calculate the remainder when 50 is divided by l.
11
Let d = 6 - 12. Let l = 3 - d. What is the remainder when 15 is divided by l?
6
Let v(y) = -y**2 - 6*y - 4. Suppose 2*o = -3*c + 2*c, 3 = 3*c + 3*o. Suppose m + 0 = c. What is the remainder when v(-4) is divided by m?
0
Let h(y) = 18*y**2 - 3*y - 2. Let f be h(-1). Let i = f - -5. Calculate the remainder when 71 is divided by i.
23
Let a = -16 + 34. Calculate the remainder when 33 is divided by a.
15
Suppose -28*j = -20*j - 240. What is the remainder when 87 is divided by j?
27
Let p = 0 + -3. Let x = p + 7. What is the remainder when x is divided by 3?
1
Suppose 3*u + 0 = 3. Let b = u - -97. Calculate the remainder when b is divided by 25.
23
Let k = 6 - 13. Let f = k - -2. What is the remainder when (-101)/f - (-5)/(-25) is divided by 7?
6
Let y(p) = 2*p - 6. What is the remainder when 93 is divided by y(13)?
13
Suppose 3*n = f + 6, 4*f + 42 = 2*n + n. Suppose 0 = 4*y - 30 - 6. Calculate the remainder when (16/f)/((-1)/12) is divided by y.
7
Suppose 0 = 3*k + 3, 0 = -2*h - h - k - 1. Suppose -2*p + p = -4*x + 33, h = 5*x + 4*p - 15. What is the remainder when x is divided by 3?
1
Let r = -58 + 78. What is the remainder when 37 is divided by r?
17
Let v = 0 + 6. Calculate the remainder when 27 is divided by v.
3
Let t = 2 + -1. Let m be (0 + 5)*(2 + -1). Suppose m*g + l - 5 = -l, 5*l = -2*g + 2. What is the remainder when t is divided by g?
0
Suppose -5*j + 5*m - 49 + 189 = 0, 5*m = 4*j - 114. What is the remainder when j is divided by 12?
2
Suppose -24 + 9 = 5*k. Let r = 7 + k. What is the remainder when 11 is divided by r?
3
Let l = 2 + -2. Suppose 2*i + o - 7 = 0, 2*o = -i - o - 4. Suppose l = i*f - 4*f - 2*h - 4, 2*h = 0. Calculate the remainder when 11 is divided by f.
3
Let l = 28 - 19. Let t(g) = g - g**2 + l + g - 3*g. Calculate the remainder when 16 is divided by t(0).
7
Let p = 224 + -156. Suppose x - 3*x 